lculate the remainder when 49552 is divided by 187.
184
What is the remainder when 654 is divided by 71?
15
Calculate the remainder when 497 is divided by 169.
159
Calculate the remainder when 212 is divided by 91.
30
Calculate the remainder when 392 is divided by 195.
2
What is the remainder when 502 is divided by 12?
10
Calculate the remainder when 130 is divided by 119.
11
Calculate the remainder when 290 is divided by 14.
10
Calculate the remainder when 425 is divided by 33.
29
Calculate the remainder when 678 is divided by 98.
90
Calculate the remainder when 75 is divided by 40.
35
What is the remainder when 2374 is divided by 132?
130
Calculate the remainder when 127 is divided by 52.
23
Calculate the remainder when 848 is divided by 29.
7
Calculate the remainder when 664 is divided by 7.
6
Calculate the remainder when 1097 is divided by 11.
8
Calculate the remainder when 882 is divided by 176.
2
Calculate the remainder when 281 is divided by 68.
9
Calculate the remainder when 265 is divided by 70.
55
Calculate the remainder when 121 is divided by 64.
57
Calculate the remainder when 459 is divided by 55.
19
Calculate the remainder when 10924 is divided by 95.
94
Calculate the remainder when 57 is divided by 12.
9
Calculate the remainder when 80 is divided by 20.
0
Calculate the remainder when 8698 is divided by 229.
225
What is the remainder when 637 is divided by 58?
57
What is the remainder when 101 is divided by 29?
14
What is the remainder when 840 is divided by 13?
8
Calculate the remainder when 246 is divided by 3.
0
Calculate the remainder when 922 is divided by 71.
70
Calculate the remainder when 1642 is divided by 31.
30
What is the remainder when 177 is divided by 37?
29
Calculate the remainder when 17278 is divided by 64.
62
Calculate the remainder when 3740 is divided by 1869.
2
Calculate the remainder when 1086 is divided by 34.
32
What is the remainder when 1130 is divided by 21?
17
Calculate the remainder when 139 is divided by 28.
27
Calculate the remainder when 28 is divided by 22.
6
What is the remainder when 252 is divided by 26?
18
What is the remainder when 559 is divided by 46?
7
Calculate the remainder when 325 is divided by 154.
17
Calculate the remainder when 3202 is divided by 14.
10
What is the remainder when 229 is divided by 20?
9
Calculate the remainder when 5097 is divided by 10.
7
Calculate the remainder when 310 is divided by 58.
20
What is the remainder when 18702 is divided by 317?
316
What is the remainder when 405 is divided by 104?
93
What is the remainder when 1356 is divided by 40?
36
Calculate the remainder when 555 is divided by 268.
19
What is the remainder when 753 is divided by 8?
1
What is the remainder when 1609 is divided by 10?
9
Calculate the remainder when 96 is divided by 11.
8
What is the remainder when 3767 is divided by 42?
29
Calculate the remainder when 454 is divided by 116.
106
Calculate the remainder when 207 is divided by 100.
7
What is the remainder when 497 is divided by 62?
1
What is the remainder when 860 is divided by 41?
40
Calculate the remainder when 929 is divided by 39.
32
Calculate the remainder when 23 is divided by 15.
8
Calculate the remainder when 2028 is divided by 29.
27
What is the remainder when 2724 is divided by 94?
92
What is the remainder when 6771 is divided by 121?
116
Calculate the remainder when 171 is divided by 45.
36
What is the remainder when 550 is divided by 481?
69
Calculate the remainder when 238 is divided by 13.
4
What is the remainder when 65 is divided by 36?
29
Calculate the remainder when 2659 is divided by 40.
19
Calculate the remainder when 1214 is divided by 4.
2
Calculate the remainder when 1798 is divided by 75.
73
What is the remainder when 150 is divided by 13?
7
What is the remainder when 278 is divided by 19?
12
What is the remainder when 197 is divided by 184?
13
Calculate the remainder when 272 is divided by 133.
6
What is the remainder when 366 is divided by 186?
180
What is the remainder when 506 is divided by 139?
89
What is the remainder when 5116 is divided by 19?
5
Calculate the remainder when 962 is divided by 25.
12
Calculate the remainder when 2367 is divided by 74.
73
What is the remainder when 55497 is divided by 300?
297
What is the remainder when 300 is divided by 19?
15
What is the remainder when 627 is divided by 75?
27
Calculate the remainder when 321 is divided by 101.
18
What is the remainder when 567 is divided by 44?
39
What is the remainder when 90 is divided by 10?
0
Calculate the remainder when 140 is divided by 24.
20
What is the remainder when 2351 is divided by 76?
71
Calculate the remainder when 15719 is divided by 30.
29
Calculate the remainder when 6717 is divided by 21.
18
What is the remainder when 65 is divided by 43?
22
Calculate the remainder when 157 is divided by 69.
19
What is the remainder when 85 is divided by 39?
7
What is the remainder when 5766 is divided by 73?
72
What is the remainder when 618 is divided by 69?
66
Calculate the remainder when 415 is divided by 139.
137
Calculate the remainder when 164 is divided by 19.
12
What is the remainder when 6567 is divided by 2185?
12
What is the remainder when 214 is divided by 4?
2
Calculate the remainder when 1558 is divided by 66.
40
Calculate the remainder when 149 is divided by 77.
72
Calculate the remainder when 80 is divided by 3.
2
What is the remainder when 83 is divided by 43?
40
Calculate the remainder when 1824 is divided by 595.
39
What is the remainder when 62 is divided by 38?
24
What is the remainder when 69 is divided by 39?
30
Calculate the remainder when 233 is divided by 141.
92
Calculate the remainder when 1000 is divided by 326.
22
What is the remainder when 334 is divided by 86?
76
Calculate the remainder when 251 is divided by 13.
4
What is the remainder when 1268 is divided by 19?
14
What is the remainder when 438 is divided by 26?
22
Calculate the remainder when 75 is divided by 39.
36
Calculate the remainder when 1779 is divided by 886.
7
Calculate the remainder when 10696 is divided by 238.
224
What is the remainder when 90 is divided by 45?
0
Calculate the remainder when 158 is divided by 9.
5
What is the remainder when 120 is divided by 17?
1
Calculate the remainder when 170 is divided by 35.
30
What is the remainder when 204 is divided by 16?
12
Calculate the remainder when 185 is divided by 56.
17
What is the remainder when 24 is divided by 19?
5
What is the remainder when 71 is divided by 8?
7
Calculate the remainder when 3929 is divided by 15.
14
Calculate the remainder when 49 is divided by 20.
9
What is the remainder when 9302 is divided by 99?
95
Calculate the remainder when 137 is divided by 51.
35
Calculate the remainder when 3610 is divided by 43.
41
What is the remainder when 78 is divided by 42?
36
What is the remainder when 480 is divided by 259?
221
Calculate the remainder when 75 is divided by 7.
5
What is the remainder when 258 is divided by 117?
24
What is the remainder when 9715 is divided by 237?
235
What is the remainder when 5998 is divided by 17?
14
Calculate the remainder when 8270 is divided by 93.
86
What is the remainder when 49 is divided by 49?
0
What is the remainder when 372 is divided by 100?
72
Calculate the remainder when 106 is divided by 45.
16
Calculate the remainder when 160 is divided by 21.
13
What is the remainder when 161 is divided by 41?
38
Calculate the remainder when 2073 is divided by 123.
105
Calculate the remainder when 324 is divided by 79.
8
Calculate the remainder when 109 is divided by 34.
7
Calculate the remainder when 311 is divided by 102.
5
What is the remainder when 22364 is divided by 71?
70
Calculate the remainder when 239 is divided by 8.
7
What is the remainder when 679 is divided by 525?
154
What is the remainder when 239 is divided by 24?
23
Calculate the remainder when 2190 is divided by 20.
10
What is the remainder when 945 is divided by 161?
140
What is the remainder when 10000 is divided by 73?
72
What is the remainder when 1080 is divided by 99?
90
What is the remainder when 123 is divided by 30?
3
Calculate the remainder when 78 is divided by 42.
36
Calculate the remainder when 240 is divided by 73.
21
What is the remainder when 80 is divi